 p(i).
10
Let k(i) = -3*i**3 - 11*i**2 + 5*i + 5. Let v(m) = -m**3 - 2*m**2 + m + 1. Let q(y) = -k(y) + 5*v(y). Suppose -2*d - 1 = 1. What is q(d)?
3
Let i(s) = 9*s + 17 - 27 + 11 + 10*s - 7*s. What is i(-3)?
-35
Suppose -4*b + 56 = -4*t, 0 = -15*b + 11*b + 20. Let o(z) = -z**3 - 9*z**2 + 2*z + 11. Give o(t).
-7
Let q(l) = -21*l - 23 - 2 + 10 + 22*l. Calculate q(7).
-8
Let o(z) = 2*z**2 + 9*z - 6. Let h(w) = -2*w + 2. Let n(d) = -3*h(d) - o(d). Let f = -6 - -4. What is n(f)?
-2
Let m(a) = a**2 - 7*a + 2. Let c be m(7). Let s(r) = c*r**2 + 4*r - 3*r**2 - 2*r + 3. Let h be (-17)/(-4)*1 + 3/(-12). What is s(h)?
-5
Let d(k) = k**2 - 55*k - 59*k - 2*k**2 + 12 + 120*k. Give d(6).
12
Let u(a) = -a**3 - 3*a**2 + 4*a + 5. Let t = -19 - -24. Suppose t*j = 2*v - 0 - 6, -2*v + j + 22 = 0. Suppose 4*g + 2*k + v = 1, 3*k = -5*g - 14. Give u(g).
5
Let c(i) = 3*i**3 - i**2 - 4*i. Let h(a) = 7*a**3 - a**2 - 9*a + 1. Let t(z) = 9*c(z) - 4*h(z). Let p be (1 + 0)*(4 + -9). Calculate t(p).
-4
Let k(u) = -1310 + 1310 - 4*u. Determine k(-3).
12
Let p = -62 + 97. Suppose 13 = -8*d - p. Let y(n) = -n**3 - 7*n**2 - 3*n + 4. Determine y(d).
-14
Let b(q) = 7*q - 6. Let r(x) = -13*x + 11. Let m(h) = 3*h**2 + 2*h - 2. Let l be m(-2). Let f(j) = l*r(j) + 11*b(j). Determine f(4).
-4
Suppose 0 = -34*r + 35*r - 83. Let u = r - 90. Let o(f) = -f**2 - 5*f + 5. Calculate o(u).
-9
Let m(r) = -8*r - 14. Let h(a) = 7*a + 13. Let f(l) = -5*h(l) - 4*m(l). Determine f(-3).
0
Suppose -2*p + 4 = -4*p. Let w(a) = 3*a - 9. Let z(i) = -4*i + 10. Let h(y) = p*z(y) - 3*w(y). Let s be h(5). Let k(c) = c**3 - 3*c + 3. What is k(s)?
5
Suppose 22*t - 116 = 18*t. Let i = t - 33. Let f(q) = -q + 1. Calculate f(i).
5
Let j(f) be the third derivative of f**5/60 - 11*f**4/24 - 11*f**3/6 - 193*f**2. Give j(13).
15
Suppose -62 = -17*f + 23. Let m(g) = g - 3. Give m(f).
2
Suppose 2*t - 6*t + 12 = 0. Suppose -d = t*y + y + 8, -2*d = 4*y + 12. Let g(f) be the first derivative of 3*f**2 + f + 1. Determine g(y).
-5
Let b(n) be the third derivative of n**5/40 + n**4/12 + 5*n**3/3 + 23*n**2. Let w(u) be the first derivative of b(u). Determine w(-3).
-7
Let y(t) = -1 + 0*t**3 + t + 12 + 0 + t**3 + 7. Calculate y(0).
18
Let w(v) be the first derivative of -5*v**2/2 - v - 2. What is w(-2)?
9
Let b = -237 + 231. Let c(n) = -n**3 - 7*n**2 - 7*n - 2. Calculate c(b).
4
Let i(p) = -p - 8. Let c = 27 + -59. Let o = c - -24. Determine i(o).
0
Let p(k) = -k**2 + 7*k - 3. Suppose -4*d = 3*n - 134, 0*d + 3*d - 174 = -4*n. Suppose -f + 7*f = n. What is p(f)?
-3
Let a(o) = o**2 - o + 40. Let m be a(0). Suppose -5*r = -0*r - m. Let t(i) = -1 - r + i + 2. Give t(7).
0
Suppose 2*o = 28 - 24. Let m(a) = 68*a**2 + 3 - 69*a**o - 2 + 7*a - 2. Determine m(4).
11
Let d(v) = v**2 + 6*v + 1. Let i(t) = t. Let z(o) = -d(o) + 6*i(o). What is z(2)?
-5
Let j(d) = -1. Let l(a) = -10*a - 1. Let v(k) = j(k) - l(k). Suppose 4*o = -8*o - 12. Give v(o).
-10
Let y(n) = -n + 7. Let x(r) = 137 - 66 - r - 63. Suppose 4*z = 0, -3*k - 21 = -2*z + 4*z. Let v(d) = k*y(d) + 6*x(d). Give v(6).
5
Suppose 0 = -7*b + 4*b + 3. Let r be (-9)/(-36) + b/(-4). Let v(z) = z + 6 + r*z - 5. What is v(-6)?
-5
Let p = -130 + 136. Let s(l) = -l**3 + 6*l**2 + 3*l - 15. Determine s(p).
3
Suppose -2*j - 196 = -6*j. Let z be 14/j - 19/(-7). Suppose z*u = -0*u + 18. Let r(v) = v - 8. Determine r(u).
-2
Let i(d) = d**3 - d. Let j(o) = -o**2 + 1. Let l be j(-1). Suppose l = f - 6. Let a(m) = m**3 - 7*m**2 + 7*m - 8. Let n be a(f). Give i(n).
-6
Let r(t) be the first derivative of t**6/120 - t**5/12 + t**4/12 - t**3/3 - 12*t**2 - 8. Let d(c) be the second derivative of r(c). What is d(5)?
8
Let g = 2635 + -2632. Let z(i) be the second derivative of -1/3*i**g + 0 + 3/2*i**2 + i + 1/12*i**4. Give z(2).
3
Let j = -618 + 623. Let g(r) be the third derivative of -7/6*r**3 + 1/24*r**4 + 0*r - 1/60*r**j + 0 + r**2. Give g(0).
-7
Let j(h) be the first derivative of h**2 - 13*h + 227. Give j(9).
5
Let l(j) be the second derivative of -2*j + 1/2*j**2 + 1/5*j**5 + 0*j**4 + 1/3*j**3 + 0. Determine l(-1).
-5
Let d(t) = t**3 - 9*t**2 - 9*t - 4. Let w be d(10). Let u(q) = q**3 - 4*q**2 - 7*q - 1. Give u(w).
29
Let m(l) = 3 + 13 + 2*l - 6*l + 17 - 3*l. What is m(4)?
5
Let f(h) = -2*h**2 + h. Let m(a) = -a**2 - 9*a + 9. Let r be m(-10). Give f(r).
-3
Let n(m) = m**3 + 1. Let q = 3 - 1. Suppose 5*z - 4*f - 110 = 0, -4*z + 88 = 2*f - 3*f. Suppose -3*b - 10 = q*g, -2*g + z = 4*b - 9*b. Determine n(g).
2
Let u = -221 + 231. Let k(b) = b**3 - 9*b**2 - 10*b - 6. Determine k(u).
-6
Let w be 14/5 + 11/55. Suppose 18 = -0*z + w*z. Suppose z = -2*l + 2*h, 3*h + 10 = -l - 1. Let r(n) = -n**3 - 4*n**2 + 3*n - 1. What is r(l)?
9
Let t(r) = r - 5*r + 4*r - 4*r + 1. Let n = -2 + 1. Give t(n).
5
Suppose -96 = 3*t - 117. Let b(j) = j - 12. What is b(t)?
-5
Let r(u) = -u**3 - 11*u**2 - 8*u + 15. Let w = -801 + 791. Give r(w).
-5
Let f be (-3 - (-5 + 3))*1. Let j(c) = 2*c**3 - 2*c - 1. Let n be j(f). Let t be 4 + n + -1 + -2. Let m(y) = -y**3 - y**2 + 5. Determine m(t).
5
Let z(n) = -3*n**2 + 2*n + 1. Let j be (1*12/28)/((-4)/(-28)). What is z(j)?
-20
Let v(u) = 7*u**2 - 5*u + 9. Let d be v(3). Let p(l) = d*l + 6*l**3 - 116*l + 58*l. Calculate p(1).
5
Let m(c) = -2221 - 4*c - c + 2222. Determine m(1).
-4
Let l(x) = -2*x**2 + x + 23. Let t(v) = -v**2 + 11. Let c(f) = 4*l(f) - 7*t(f). Determine c(6).
3
Let y(a) be the second derivative of a**5/20 - a**3/6 + a**2 - 2*a + 441. Suppose 4 = 2*c - 2. Suppose 0 = 2*b + c*b. Determine y(b).
2
Let o = -3 + 4. Let w(a) = 3*a**2 + o - 3*a**2 + a**3 - a**2. Let h be 11/77*(-14)/(-2). Calculate w(h).
1
Let k(y) = -y**2 - 5*y - 3. Suppose 3*f - 3 = 2*f. Suppose -4*j - 6 = 3*m - 22, -3*j - 30 = -f*m. Suppose 0 = m*h - 2*h + 18. Calculate k(h).
3
Let k = -37 + 65. Suppose -k = 4*b + 3*a + a, 3*b = 2*a - 16. Let u(i) = -3*i**2 + 0*i**2 - 6 - 7*i - 2*i**2 + 4*i**2. Determine u(b).
0
Suppose -5*p - 73*w + 74*w = 12, 0 = 4*w + 12. Let v(n) = -3*n + 2. What is v(p)?
11
Let k(d) be the third derivative of d**4/12 - d**3/6 + 14*d**2. Let b be k(3). Let r(g) = 3*g - 2. Determine r(b).
13
Let h(y) = -10 + 6 - 21*y + 1 - 4 + 6*y. Determine h(-3).
38
Let r(d) = d**3 + 7*d**2 - 16*d - 8. Suppose -6*i - 42*i - 432 = 0. Determine r(i).
-26
Let r be (-17016)/(-32) - 2/(-8). Let u be 9/(-15) + r/20. Let n(d) = -d - d - 32 + u + 3*d. What is n(-5)?
-11
Let s(m) = 8 + 11*m - 17*m**2 - m**3 + 2 + 4*m**2 + 4*m**2. What is s(-10)?
0
Suppose -30*b - 27 = -87. Let i(a) be the first derivative of -9 - 2/3*a**3 + a + 0*a**b + 1/2*a**4. Give i(2).
9
Let s be 1/(((-9)/12)/3). Let i(p) = -p**3 - 4*p**2 - 2*p + 5. Give i(s).
13
Let t(l) = -4*l - 3. Let y(h) = 2*h + 2. Suppose 4*u + 8 = -0*u. Let d(s) = u*t(s) - 5*y(s). Give d(-6).
8
Let k = 34 + -32. Suppose -m + 4*s + k - 1 = 0, 4*m = 3*s + 17. Let h(i) = -i**3 + 6*i**2 - 5*i + 1. What is h(m)?
1
Let a = 7 - 9. Let l(w) = -5*w**2 + 2*w - 7. Let r(t) = -2*t - 3. Let s be r(1). Let h(n) = -6*n**2 + 3*n - 8. Let k(v) = s*l(v) + 4*h(v). Give k(a).
3
Let k(s) = -133 + 133 - 381*s**2 + 364*s**2. Suppose -2*q + 4*q = 2. Calculate k(q).
-17
Suppose -5*y + 2*y + 9 = 0. Let j = 124 + -122. Let m(c) = -3*c + j + c**2 + 6*c - 5*c - c. What is m(y)?
2
Let w(x) = -2*x. Let r be (-12)/9*6/(-4). Suppose 5*d + y = -9 - 1, r*y = -d + 7. Let l be w(d). Let q(k) = -k + 6. Determine q(l).
0
Let g(c) = 9*c + 7. Let r(h) = 7*h + 10. Let t(z) = 3*g(z) - 4*r(z). What is t(0)?
-19
Let q = -27 + 17. Let t be 12*(14/(-8) + 1). Let f be t/(-45) + 42/q. Let o(y) = y**2 + 5*y + 5. Calculate o(f).
1
Let p(c) = c**3 - 4*c**2 + 4*c + 4. Let t(s) = -5*s**3 + 17*s**2 - 16*s - 16. Let o(h) = -9*p(h) - 2*t(h). Suppose 11*a = 13*a + 6. Determine o(a).
-1
Let a(d) = d - 4*d - 4 + 0*d + 1 + 6. Let w be -3 - (8/2 + -2). What is a(w)?
18
Suppose -4*q - 2*p = 2*p, 4*q - 2*p - 6 = 0. Let u(f) = -f + 8 + 2*f + 6 - q. Give u(-9).
4
Suppose -16 = -39*c + 101. Let t(g) = -g**3 + 4*g**2 - 3*g - 1. Determine t(c).
-1
Let j(v) be the third derivative of -v**6/120 + v**5/15 - v**4/24 - v**3/6 + v**2. Suppose 0 = -5*p + 6 - 16. Let k = p - -5. Determine j(k).
5
Let k(f) = 21*f + 6. Let c(x) = 20*x + 5. Let o(w) = -5*c(w) + 4*k(w). Let a(h) = -h**2 + 8*h - 13. Let b be a(6). Calculate o(b).
15
Let q(f) = 